643 composite?
True
Is 37291 composite?
True
Is 88117 composite?
False
Is 21961 composite?
False
Is 889 a prime number?
False
Is 65497 prime?
True
Is 8353 prime?
True
Is 218765 a prime number?
False
Is 5269 a composite number?
True
Is 54683 prime?
False
Is 3062 a prime number?
False
Is 1300009 composite?
True
Is 2062 a composite number?
True
Is 420551 a prime number?
True
Is 5638 a prime number?
False
Is 193261 a composite number?
False
Is 1077 prime?
False
Is 2949 prime?
False
Is 107171 prime?
True
Is 71014 prime?
False
Is 28429 a composite number?
False
Is 127 composite?
False
Is 604297 composite?
True
Is 96865 composite?
True
Is 216839 composite?
True
Is 1259 prime?
True
Is 175701 a prime number?
False
Is 34781 a prime number?
True
Is 3641 composite?
True
Is 1130897 composite?
True
Is 331537 a prime number?
True
Is 3761 prime?
True
Is 90713 prime?
False
Is 196267 prime?
False
Is 16805 a prime number?
False
Is 17923 a prime number?
True
Is 8063 a prime number?
False
Is 64211 composite?
True
Is 126605 a prime number?
False
Is 18113 composite?
True
Is 36587 composite?
False
Is 70529 composite?
False
Is 61837 a composite number?
False
Is 1535 prime?
False
Is 284227 a composite number?
False
Is 76939 composite?
True
Is 231347 a prime number?
True
Is 36361 prime?
False
Is 211849 a prime number?
False
Is 2897819 prime?
True
Is 82457 a composite number?
False
Is 4919 a prime number?
True
Is 308365 a composite number?
True
Is 1069 composite?
False
Is 54745 a prime number?
False
Is 2062427 prime?
False
Is 113327 prime?
True
Is 202183 a prime number?
True
Is 328603 composite?
True
Is 190699 prime?
True
Is 444991 composite?
True
Is 40435 composite?
True
Is 43729 a composite number?
True
Is 13147 a prime number?
True
Is 5791 prime?
True
Is 60887 a prime number?
True
Is 15677 prime?
False
Is 2203 composite?
False
Is 53287 a composite number?
True
Is 3971479 composite?
True
Is 95591 composite?
True
Is 359441 a prime number?
True
Is 13043 composite?
False
Is 181191 prime?
False
Is 1039501 composite?
True
Is 6191 a composite number?
True
Is 42611 a composite number?
False
Is 14374 a prime number?
False
Is 174297 a prime number?
False
Is 8522 a prime number?
False
Is 109699 composite?
True
Is 54141 composite?
True
Is 40951 a composite number?
True
Is 5299 prime?
False
Is 392321 prime?
True
Is 16759 prime?
True
Is 639971 a prime number?
False
Is 33281 a prime number?
False
Is 172239 a composite number?
True
Is 7861 prime?
False
Is 122921 a composite number?
False
Is 939263 composite?
True
Is 7717 a composite number?
False
Is 1084267 a prime number?
True
Is 2302 a prime number?
False
Is 40879 prime?
True
Is 74759 composite?
False
Is 12661 a prime number?
False
Is 143549 composite?
True
Is 3453 a composite number?
True
Is 84557 prime?
False
Is 229373 prime?
True
Is 39749 a composite number?
False
Is 129163 a composite number?
True
Is 31793 a composite number?
False
Is 151861 a prime number?
False
Is 230558 a prime number?
False
Is 113257 a prime number?
False
Is 13591 prime?
True
Is 73237 composite?
False
Is 1517 composite?
True
Is 479509 a composite number?
False
Is 9967 a composite number?
False
Is 37321 a composite number?
False
Is 407599 prime?
True
Is 10133 composite?
False
Is 109513 composite?
True
Is 36451 a composite number?
False
Is 352609 composite?
True
Is 15967 prime?
False
Is 77 a prime number?
False
Is 274919 prime?
False
Is 3771211 a composite number?
False
Is 56458 a composite number?
True
Is 33503 prime?
True
Is 11507 a prime number?
False
Is 4393 prime?
False
Is 4279 a prime number?
False
Is 33481 prime?
False
Is 577667 a prime number?
True
Is 173363 a prime number?
False
Is 3503 a composite number?
True
Is 487199 a prime number?
False
Is 29917 prime?
True
Is 53687 a composite number?
True
Is 7069 prime?
True
Is 67997 composite?
True
Is 703301 a composite number?
False
Is 297359 a composite number?
False
Is 10909 prime?
True
Is 216143 composite?
True
Is 201767 a prime number?
True
Is 306281 prime?
False
Is 167381 a prime number?
True
Is 149689 a prime number?
True
Is 3810299 prime?
True
Is 59791 composite?
False
Is 35779 prime?
False
Is 50671 a prime number?
True
Is 794831 a composite number?
False
Is 72763 prime?
True
Is 3427685 composite?
True
Is 44417 prime?
True
Is 892237 prime?
True
Is 217067 composite?
True
Is 50989 composite?
False
Is 18743 a composite number?
False
Is 1234153 a composite number?
True
Is 223591 composite?
True
Is 739481 prime?
False
Is 17054 prime?
False
Is 11983 a composite number?
True
Is 96319 composite?
True
Is 44071 composite?
False
Is 293 a composite number?
False
Is 316721 a prime number?
False
Is 145094 a composite number?
True
Is 205899 a prime number?
False
Is 171299 a prime number?
True
Is 8129 a composite number?
True
Is 116173 composite?
True
Is 7061 a prime number?
False
Is 9091 a prime number?
True
Is 9767 prime?
True
Is 36415 composite?
True
Is 42847 composite?
True
Is 212191 prime?
False
Is 2729 composite?
False
Is 17617 a prime number?
False
Is 8331 a prime number?
False
Is 43753 composite?
False
Is 536839 composite?
False
Is 570551 a composite number?
True
Is 414287 composite?
True
Is 24407 a composite number?
False
Is 111322 composite?
True
Is 28393 composite?
False
Is 9327 a prime number?
False
Is 1902097 a prime number?
True
Is 31547 prime?
True
Is 10427 composite?
False
Is 4507 a composite number?
False
Is 5147 composite?
False
Is 79229 a prime number?
True
Is 2455337 composite?
False
Is 323807 a composite number?
True
Is 1020722 prime?
False
Is 48437 a composite number?
False
Is 907 a composite number?
False
Is 4358 a composite number?
True
Is 9069 a composite number?
True
Is 2605 prime?
False
Is 131873 a prime number?
False
Is 1430953 a prime number?
True
Is 62801 composite?
False
Is 16183 a prime number?
True
Is 1949 prime?
True
Is 832085 a prime number?
False
Is 11623 prime?
False
Is 121 prime?
False
Is 1733 prime?
True
Is 99065 composite?
True
Is 5353 prime?
False
Is 2161 a prime number?
True
Is 12511 a composite number?
False
Is 220265 a composite number?
True
Is 3195299 prime?
True
Is 839 a prime number?
True
Is 3607 a prime number?
True
Is 6563 prime?
True
Is 5953 composite?
False
Is 240161 prime?
False
Is 146038 composite?
True
Is 17669 a prime number?
True
Is 124235 prime?
False
Is 3896657 prime?
True
Is 424703 composite?
True
Is 648073 prime?
True
Is 18439 composite?
False
Is 275005 a prime number?
False
Is 56183 composite?
True
Is 296917 prime?
False
Is 733547 a composite number?
True
Is 310457 composite?
True
Is 3350753 composite?
True
Is 437677 a composite number?
False
Is 1076107 a composite number?
False
Is 6541 a prime number?
False
Is 6241 prime?
False
Is 22237 composite?
True
Is 442097 a composite number?
False
Is 49151 prime?
False
Is 19001 composite?
False
Is 2832719 a composite number?
False
Is 1275269 a composite number?
False
Is 28862 composite?
True
Is 41189 a composite number?
False
Is 1655 composite?
True
Is 5261 prime?
True
Is 21617 prime?
True
Is 25057 a prime number?
True
Is 52679 a composite number?
True
Is 389437 prime?
True
Is 250639 a prime number?
False
Is 5403 prime?
False
Is 324587 prime?
True
Is 1966447 prime?
False
Is 64465 a composite number?
True
Is 720359 composite?
False
Is 105071 prime?
True
Is 44579 a composite number?
False
Is 134909 a composite number?
False
Is 335 a composite number?
True
Is 1567249 a prime number?
True
Is 9183 composite?
True
Is 41581 a composite number?
True
Is 32047 prime?
False
Is 18119 prime?
True
Is 21719 a prime number?
False
Is 212127 prime?
False
Is 299881 a prime number?
True
Is 155191 a prime number?
True
Is 823093 a prime number?
False
Is 339181 prime?
False
Is 210599 prime?
True
Is 23813 composite?
False
Is 706457 prime?
False
Is 304301 a composite number?
False
Is 24137 a composite number?
False
Is 2939 a prime number?
True
Is 5981 composite?
False
Is 24151 a prime number?
True
Is 9223 composite?
True
Is 933 a prime number?
False
Is 8257 a prime number?
False
Is 1694873 a composite number?
True
Is 26237 a composite number?
False
Is 55997 a prime number?
True
Is 841 composite?
True
Is 557663 a prime number?
True
Is 14143 a composite number?
False
Is 147215 composite?
True
Is 28789 a composite number?
False
Is 10873 